{"id":35,"date":"2017-01-15T01:24:16","date_gmt":"2017-01-14T23:24:16","guid":{"rendered":"http:\/\/www.roentgen-boehnke.de\/responsive\/wordpress\/?page_id=35"},"modified":"2025-11-12T01:12:23","modified_gmt":"2025-11-11T23:12:23","slug":"bei-der-arbeit","status":"publish","type":"page","link":"https:\/\/www.roentgen-boehnke.de\/responsive\/wordpress\/bei-der-arbeit\/","title":{"rendered":"Bei der Arbeit"},"content":{"rendered":"<div id=\"pl-35\"  class=\"panel-layout\" ><div id=\"pg-35-0\"  class=\"panel-grid panel-no-style\" ><div id=\"pgc-35-0-0\"  class=\"panel-grid-cell\" ><div id=\"panel-35-0-0-0\" class=\"so-panel widget widget_sow-image panel-first-child panel-last-child\" data-index=\"0\" ><div\n\t\t\t\n\t\t\tclass=\"so-widget-sow-image so-widget-sow-image-default-d6014b76747a-35\"\n\t\t\t\n\t\t>\n\n<div class=\"sow-image-container\">\n\t\t<img src=\"https:\/\/www.roentgen-boehnke.de\/responsive\/wordpress\/wp-content\/uploads\/2017\/01\/bda31.jpg\" width=\"276\" height=\"368\" srcset=\"https:\/\/www.roentgen-boehnke.de\/responsive\/wordpress\/wp-content\/uploads\/2017\/01\/bda31.jpg 276w, https:\/\/www.roentgen-boehnke.de\/responsive\/wordpress\/wp-content\/uploads\/2017\/01\/bda31-225x300.jpg 225w\" sizes=\"(max-width: 276px) 100vw, 276px\" title=\"MONTAGE EINES BUCKY-ARBEITSPLATZES\" alt=\"\" loading=\"lazy\" \t\tclass=\"so-widget-image\"\/>\n\t<\/div>\n\n<h3 class=\"widget-title\">MONTAGE EINES BUCKY-ARBEITSPLATZES<\/h3><\/div><\/div><\/div><div id=\"pgc-35-0-1\"  class=\"panel-grid-cell\" ><div id=\"panel-35-0-1-0\" class=\"so-panel widget widget_sow-image panel-first-child panel-last-child\" data-index=\"1\" ><div\n\t\t\t\n\t\t\tclass=\"so-widget-sow-image so-widget-sow-image-default-d6014b76747a-35\"\n\t\t\t\n\t\t>\n\n<div class=\"sow-image-container\">\n\t\t<img src=\"https:\/\/www.roentgen-boehnke.de\/responsive\/wordpress\/wp-content\/uploads\/2017\/01\/bda4.jpg\" width=\"276\" height=\"368\" srcset=\"https:\/\/www.roentgen-boehnke.de\/responsive\/wordpress\/wp-content\/uploads\/2017\/01\/bda4.jpg 276w, https:\/\/www.roentgen-boehnke.de\/responsive\/wordpress\/wp-content\/uploads\/2017\/01\/bda4-225x300.jpg 225w\" sizes=\"(max-width: 276px) 100vw, 276px\" title=\"MONTAGE EINES DURCHLEUCHTUNGSGER\u00c4TES\" alt=\"Montage eines Durchleuchtungsger\u00e4tes\" loading=\"lazy\" \t\tclass=\"so-widget-image\"\/>\n\t<\/div>\n\n<h3 class=\"widget-title\">MONTAGE EINES DURCHLEUCHTUNGSGER\u00c4TES<\/h3><\/div><\/div><\/div><div id=\"pgc-35-0-2\"  class=\"panel-grid-cell\" ><div id=\"panel-35-0-2-0\" class=\"so-panel widget widget_sow-image panel-first-child panel-last-child\" data-index=\"2\" ><div\n\t\t\t\n\t\t\tclass=\"so-widget-sow-image so-widget-sow-image-default-d6014b76747a-35\"\n\t\t\t\n\t\t>\n\n<div class=\"sow-image-container\">\n\t\t<img src=\"https:\/\/www.roentgen-boehnke.de\/responsive\/wordpress\/wp-content\/uploads\/2017\/01\/12.jpg\" width=\"276\" height=\"368\" srcset=\"https:\/\/www.roentgen-boehnke.de\/responsive\/wordpress\/wp-content\/uploads\/2017\/01\/12.jpg 276w, https:\/\/www.roentgen-boehnke.de\/responsive\/wordpress\/wp-content\/uploads\/2017\/01\/12-225x300.jpg 225w\" sizes=\"(max-width: 276px) 100vw, 276px\" title=\"TEST DER GENERATORFUNKTION\" alt=\"\" loading=\"lazy\" \t\tclass=\"so-widget-image\"\/>\n\t<\/div>\n\n<h3 class=\"widget-title\">TEST DER GENERATORFUNKTION<\/h3><\/div><\/div><\/div><div id=\"pgc-35-0-3\"  class=\"panel-grid-cell\" ><div id=\"panel-35-0-3-0\" class=\"so-panel widget widget_sow-image panel-first-child panel-last-child\" data-index=\"3\" ><div\n\t\t\t\n\t\t\tclass=\"so-widget-sow-image so-widget-sow-image-default-d6014b76747a-35\"\n\t\t\t\n\t\t>\n\n<div class=\"sow-image-container\">\n\t\t<img src=\"https:\/\/www.roentgen-boehnke.de\/responsive\/wordpress\/wp-content\/uploads\/2017\/01\/bda61.jpg\" width=\"276\" height=\"368\" srcset=\"https:\/\/www.roentgen-boehnke.de\/responsive\/wordpress\/wp-content\/uploads\/2017\/01\/bda61.jpg 276w, https:\/\/www.roentgen-boehnke.de\/responsive\/wordpress\/wp-content\/uploads\/2017\/01\/bda61-225x300.jpg 225w\" sizes=\"(max-width: 276px) 100vw, 276px\" title=\"INBETRIEBNAHME EINER POLYDOROS 80S-ANLAGE\" alt=\"\" loading=\"lazy\" \t\tclass=\"so-widget-image\"\/>\n\t<\/div>\n\n<h3 class=\"widget-title\">INBETRIEBNAHME EINER POLYDOROS 80S-ANLAGE<\/h3><\/div><\/div><\/div><\/div><div id=\"pg-35-1\"  class=\"panel-grid panel-no-style\" ><div id=\"pgc-35-1-0\"  class=\"panel-grid-cell\" ><div id=\"panel-35-1-0-0\" class=\"so-panel widget widget_sow-image panel-first-child panel-last-child\" data-index=\"4\" ><div\n\t\t\t\n\t\t\tclass=\"so-widget-sow-image so-widget-sow-image-default-d6014b76747a-35\"\n\t\t\t\n\t\t>\n\n<div class=\"sow-image-container\">\n\t\t<img src=\"https:\/\/www.roentgen-boehnke.de\/responsive\/wordpress\/wp-content\/uploads\/2017\/01\/bda7.jpg\" width=\"354\" height=\"266\" srcset=\"https:\/\/www.roentgen-boehnke.de\/responsive\/wordpress\/wp-content\/uploads\/2017\/01\/bda7.jpg 354w, https:\/\/www.roentgen-boehnke.de\/responsive\/wordpress\/wp-content\/uploads\/2017\/01\/bda7-300x225.jpg 300w\" sizes=\"(max-width: 354px) 100vw, 354px\" title=\"PC-KONFIGURATION EINER R\u00d6NTGENANLAGE\" alt=\"\" loading=\"lazy\" \t\tclass=\"so-widget-image\"\/>\n\t<\/div>\n\n<h3 class=\"widget-title\">PC-KONFIGURATION EINER R\u00d6NTGENANLAGE<\/h3><\/div><\/div><\/div><div id=\"pgc-35-1-1\"  class=\"panel-grid-cell\" ><div id=\"panel-35-1-1-0\" class=\"so-panel widget widget_sow-image panel-first-child panel-last-child\" data-index=\"5\" ><div\n\t\t\t\n\t\t\tclass=\"so-widget-sow-image so-widget-sow-image-default-d6014b76747a-35\"\n\t\t\t\n\t\t>\n\n<div class=\"sow-image-container\">\n\t\t<img src=\"https:\/\/www.roentgen-boehnke.de\/responsive\/wordpress\/wp-content\/uploads\/2017\/01\/bda1-1.jpg\" width=\"354\" height=\"266\" srcset=\"https:\/\/www.roentgen-boehnke.de\/responsive\/wordpress\/wp-content\/uploads\/2017\/01\/bda1-1.jpg 354w, https:\/\/www.roentgen-boehnke.de\/responsive\/wordpress\/wp-content\/uploads\/2017\/01\/bda1-1-300x225.jpg 300w\" sizes=\"(max-width: 354px) 100vw, 354px\" title=\"STRAHLERMONTAGE\" alt=\"Roentgen B\u00f6hnke Mainz Gebrauchte R\u00f6ntgenger\u00e4te kaufen und verkaufen\" loading=\"lazy\" \t\tclass=\"so-widget-image\"\/>\n\t<\/div>\n\n<h3 class=\"widget-title\">STRAHLERMONTAGE<\/h3><\/div><\/div><\/div><div id=\"pgc-35-1-2\"  class=\"panel-grid-cell\" ><div id=\"panel-35-1-2-0\" class=\"so-panel widget widget_sow-image panel-first-child panel-last-child\" data-index=\"6\" ><div\n\t\t\t\n\t\t\tclass=\"so-widget-sow-image so-widget-sow-image-default-d6014b76747a-35\"\n\t\t\t\n\t\t>\n\n<div class=\"sow-image-container\">\n\t\t<img src=\"https:\/\/www.roentgen-boehnke.de\/responsive\/wordpress\/wp-content\/uploads\/2017\/01\/bda2.jpg\" width=\"354\" height=\"266\" srcset=\"https:\/\/www.roentgen-boehnke.de\/responsive\/wordpress\/wp-content\/uploads\/2017\/01\/bda2.jpg 354w, https:\/\/www.roentgen-boehnke.de\/responsive\/wordpress\/wp-content\/uploads\/2017\/01\/bda2-300x225.jpg 300w\" sizes=\"(max-width: 354px) 100vw, 354px\" title=\"WARTUNGSARBEITEN AM MAMMOGRAPHIEGER\u00c4T\" alt=\"R\u00f6ntgen B\u00f6hnke Ankauf gebrauchte R\u00f6ntgenanlagen\" loading=\"lazy\" \t\tclass=\"so-widget-image\"\/>\n\t<\/div>\n\n<h3 class=\"widget-title\">WARTUNGSARBEITEN AM MAMMOGRAPHIEGER\u00c4T<\/h3><\/div><\/div><\/div><div id=\"pgc-35-1-3\"  class=\"panel-grid-cell\" ><div id=\"panel-35-1-3-0\" class=\"so-panel widget widget_sow-image panel-first-child panel-last-child\" data-index=\"7\" ><div\n\t\t\t\n\t\t\tclass=\"so-widget-sow-image so-widget-sow-image-default-d6014b76747a-35\"\n\t\t\t\n\t\t>\n\n<div class=\"sow-image-container\">\n\t\t<img src=\"https:\/\/www.roentgen-boehnke.de\/responsive\/wordpress\/wp-content\/uploads\/2017\/01\/bda24.jpg\" width=\"354\" height=\"266\" srcset=\"https:\/\/www.roentgen-boehnke.de\/responsive\/wordpress\/wp-content\/uploads\/2017\/01\/bda24.jpg 354w, https:\/\/www.roentgen-boehnke.de\/responsive\/wordpress\/wp-content\/uploads\/2017\/01\/bda24-300x225.jpg 300w\" sizes=\"(max-width: 354px) 100vw, 354px\" title=\"ANSCHLUSS EINES POLYDORS LX 50 GENERATORS\" alt=\"Anschluss eines Polydors LX 50 Generators\" loading=\"lazy\" \t\tclass=\"so-widget-image\"\/>\n\t<\/div>\n\n<h3 class=\"widget-title\">ANSCHLUSS EINES POLYDORS LX 50 GENERATORS<\/h3><\/div><\/div><\/div><\/div><div id=\"pg-35-2\"  class=\"panel-grid panel-no-style\" ><div id=\"pgc-35-2-0\"  class=\"panel-grid-cell\" ><div id=\"panel-35-2-0-0\" class=\"so-panel widget widget_sow-image panel-first-child panel-last-child\" data-index=\"8\" ><div\n\t\t\t\n\t\t\tclass=\"so-widget-sow-image so-widget-sow-image-default-d6014b76747a-35\"\n\t\t\t\n\t\t>\n\n<div class=\"sow-image-container\">\n\t\t<img src=\"https:\/\/www.roentgen-boehnke.de\/responsive\/wordpress\/wp-content\/uploads\/2017\/01\/bda13.jpg\" width=\"276\" height=\"368\" srcset=\"https:\/\/www.roentgen-boehnke.de\/responsive\/wordpress\/wp-content\/uploads\/2017\/01\/bda13.jpg 276w, https:\/\/www.roentgen-boehnke.de\/responsive\/wordpress\/wp-content\/uploads\/2017\/01\/bda13-225x300.jpg 225w\" sizes=\"(max-width: 276px) 100vw, 276px\" title=\"STRAHLERMONTAGE\" alt=\"gebrauchte R\u00f6ntgenger\u00e4te Ankauf B\u00f6hnke Mainz\" loading=\"lazy\" \t\tclass=\"so-widget-image\"\/>\n\t<\/div>\n\n<h3 class=\"widget-title\">STRAHLERMONTAGE<\/h3><\/div><\/div><\/div><div id=\"pgc-35-2-1\"  class=\"panel-grid-cell\" ><div id=\"panel-35-2-1-0\" class=\"so-panel widget widget_sow-image panel-first-child panel-last-child\" data-index=\"9\" ><div\n\t\t\t\n\t\t\tclass=\"so-widget-sow-image so-widget-sow-image-default-d6014b76747a-35\"\n\t\t\t\n\t\t>\n\n<div class=\"sow-image-container\">\n\t\t<img src=\"https:\/\/www.roentgen-boehnke.de\/responsive\/wordpress\/wp-content\/uploads\/2017\/01\/bda9-1.jpg\" width=\"276\" height=\"369\" srcset=\"https:\/\/www.roentgen-boehnke.de\/responsive\/wordpress\/wp-content\/uploads\/2017\/01\/bda9-1.jpg 276w, https:\/\/www.roentgen-boehnke.de\/responsive\/wordpress\/wp-content\/uploads\/2017\/01\/bda9-1-224x300.jpg 224w\" sizes=\"(max-width: 276px) 100vw, 276px\" title=\"R\u00d6NTGENGENERATOR POLYDOROS 80\" alt=\"gebrauchte R\u00f6ntgenger\u00e4te B\u00f6hnke\" loading=\"lazy\" \t\tclass=\"so-widget-image\"\/>\n\t<\/div>\n\n<h3 class=\"widget-title\">R\u00d6NTGENGENERATOR POLYDOROS 80<\/h3><\/div><\/div><\/div><div id=\"pgc-35-2-2\"  class=\"panel-grid-cell\" ><div id=\"panel-35-2-2-0\" class=\"so-panel widget widget_sow-image panel-first-child panel-last-child\" data-index=\"10\" ><div\n\t\t\t\n\t\t\tclass=\"so-widget-sow-image so-widget-sow-image-default-d6014b76747a-35\"\n\t\t\t\n\t\t>\n\n<div class=\"sow-image-container\">\n\t\t<img src=\"https:\/\/www.roentgen-boehnke.de\/responsive\/wordpress\/wp-content\/uploads\/2017\/01\/bda17.jpg\" width=\"276\" height=\"368\" srcset=\"https:\/\/www.roentgen-boehnke.de\/responsive\/wordpress\/wp-content\/uploads\/2017\/01\/bda17.jpg 276w, https:\/\/www.roentgen-boehnke.de\/responsive\/wordpress\/wp-content\/uploads\/2017\/01\/bda17-225x300.jpg 225w\" sizes=\"(max-width: 276px) 100vw, 276px\" title=\"GER\u00c4TE-EINBRINGUNG IN DIE 4. ETAGE\" alt=\"\" loading=\"lazy\" \t\tclass=\"so-widget-image\"\/>\n\t<\/div>\n\n<h3 class=\"widget-title\">GER\u00c4TE-EINBRINGUNG IN DIE 4. ETAGE<\/h3><\/div><\/div><\/div><div id=\"pgc-35-2-3\"  class=\"panel-grid-cell\" ><div id=\"panel-35-2-3-0\" class=\"so-panel widget widget_sow-image panel-first-child panel-last-child\" data-index=\"11\" ><div\n\t\t\t\n\t\t\tclass=\"so-widget-sow-image so-widget-sow-image-default-d6014b76747a-35\"\n\t\t\t\n\t\t>\n\n<div class=\"sow-image-container\">\n\t\t<img src=\"https:\/\/www.roentgen-boehnke.de\/responsive\/wordpress\/wp-content\/uploads\/2017\/01\/bda22.jpg\" width=\"276\" height=\"368\" srcset=\"https:\/\/www.roentgen-boehnke.de\/responsive\/wordpress\/wp-content\/uploads\/2017\/01\/bda22.jpg 276w, https:\/\/www.roentgen-boehnke.de\/responsive\/wordpress\/wp-content\/uploads\/2017\/01\/bda22-225x300.jpg 225w\" sizes=\"(max-width: 276px) 100vw, 276px\" title=\"FUNKTIONSKONTROLLE EINER UROLOGISCHEN ANLAGE\" alt=\"R\u00f6ntgenanlagen B\u00f6hnke Mainz\" loading=\"lazy\" \t\tclass=\"so-widget-image\"\/>\n\t<\/div>\n\n<h3 class=\"widget-title\">FUNKTIONSKONTROLLE EINER UROLOGISCHEN ANLAGE<\/h3><\/div><\/div><\/div><\/div><div id=\"pg-35-3\"  class=\"panel-grid panel-no-style\" ><div id=\"pgc-35-3-0\"  class=\"panel-grid-cell\" ><div id=\"panel-35-3-0-0\" class=\"so-panel widget widget_sow-image panel-first-child panel-last-child\" data-index=\"12\" ><div\n\t\t\t\n\t\t\tclass=\"so-widget-sow-image so-widget-sow-image-default-d6014b76747a-35\"\n\t\t\t\n\t\t>\n\n<div class=\"sow-image-container\">\n\t\t<img src=\"https:\/\/www.roentgen-boehnke.de\/responsive\/wordpress\/wp-content\/uploads\/2017\/01\/bda11-1.jpg\" width=\"354\" height=\"266\" srcset=\"https:\/\/www.roentgen-boehnke.de\/responsive\/wordpress\/wp-content\/uploads\/2017\/01\/bda11-1.jpg 354w, https:\/\/www.roentgen-boehnke.de\/responsive\/wordpress\/wp-content\/uploads\/2017\/01\/bda11-1-300x225.jpg 300w\" sizes=\"(max-width: 354px) 100vw, 354px\" title=\"TRANSPORTVORBEREITUNG EINES UROLOGISCHEN SPEZIALGER\u00c4TES\" alt=\"R\u00f6ntgenanlagen B\u00f6hnke Mainz\" loading=\"lazy\" \t\tclass=\"so-widget-image\"\/>\n\t<\/div>\n\n<h3 class=\"widget-title\">TRANSPORTVORBEREITUNG EINES UROLOGISCHEN SPEZIALGER\u00c4TES<\/h3><\/div><\/div><\/div><div id=\"pgc-35-3-1\"  class=\"panel-grid-cell\" ><div id=\"panel-35-3-1-0\" class=\"so-panel widget widget_sow-image panel-first-child panel-last-child\" data-index=\"13\" ><div\n\t\t\t\n\t\t\tclass=\"so-widget-sow-image so-widget-sow-image-default-d6014b76747a-35\"\n\t\t\t\n\t\t>\n\n<div class=\"sow-image-container\">\n\t\t<img src=\"https:\/\/www.roentgen-boehnke.de\/responsive\/wordpress\/wp-content\/uploads\/2017\/01\/Montage-Transportgestell-Si-1.jpg\" width=\"400\" height=\"300\" srcset=\"https:\/\/www.roentgen-boehnke.de\/responsive\/wordpress\/wp-content\/uploads\/2017\/01\/Montage-Transportgestell-Si-1.jpg 400w, https:\/\/www.roentgen-boehnke.de\/responsive\/wordpress\/wp-content\/uploads\/2017\/01\/Montage-Transportgestell-Si-1-300x225.jpg 300w\" sizes=\"(max-width: 400px) 100vw, 400px\" title=\"MONTAGE DES TRANSPORTGESTELLS F\u00dcR DEN SIEMENS SIREGRAPH CF\" alt=\"Ankauf gebrauchte R\u00f6ntgenanlagen B\u00f6hnke Mainz\" loading=\"lazy\" \t\tclass=\"so-widget-image\"\/>\n\t<\/div>\n\n<h3 class=\"widget-title\">MONTAGE DES TRANSPORTGESTELLS F\u00dcR DEN SIEMENS SIREGRAPH CF<\/h3><\/div><\/div><\/div><div id=\"pgc-35-3-2\"  class=\"panel-grid-cell\" ><div id=\"panel-35-3-2-0\" class=\"so-panel widget widget_sow-image panel-first-child panel-last-child\" data-index=\"14\" ><div\n\t\t\t\n\t\t\tclass=\"so-widget-sow-image so-widget-sow-image-default-d6014b76747a-35\"\n\t\t\t\n\t\t>\n\n<div class=\"sow-image-container\">\n\t\t<img src=\"https:\/\/www.roentgen-boehnke.de\/responsive\/wordpress\/wp-content\/uploads\/2017\/01\/Transportfertiger-Siregraph-1.jpg\" width=\"400\" height=\"300\" srcset=\"https:\/\/www.roentgen-boehnke.de\/responsive\/wordpress\/wp-content\/uploads\/2017\/01\/Transportfertiger-Siregraph-1.jpg 400w, https:\/\/www.roentgen-boehnke.de\/responsive\/wordpress\/wp-content\/uploads\/2017\/01\/Transportfertiger-Siregraph-1-300x225.jpg 300w\" sizes=\"(max-width: 400px) 100vw, 400px\" title=\"AUSBRINGUNG DES SIEMENS SIREGRAPH CF\" alt=\"R\u00f6ntgen B\u00f6hnke Mainz\" loading=\"lazy\" \t\tclass=\"so-widget-image\"\/>\n\t<\/div>\n\n<h3 class=\"widget-title\">AUSBRINGUNG DES SIEMENS SIREGRAPH CF<\/h3><\/div><\/div><\/div><div id=\"pgc-35-3-3\"  class=\"panel-grid-cell\" ><div id=\"panel-35-3-3-0\" class=\"so-panel widget widget_sow-image panel-first-child panel-last-child\" data-index=\"15\" ><div\n\t\t\t\n\t\t\tclass=\"so-widget-sow-image so-widget-sow-image-default-d6014b76747a-35\"\n\t\t\t\n\t\t>\n\n<div class=\"sow-image-container\">\n\t\t<img src=\"https:\/\/www.roentgen-boehnke.de\/responsive\/wordpress\/wp-content\/uploads\/2017\/01\/bda12-1-1.jpg\" width=\"354\" height=\"266\" srcset=\"https:\/\/www.roentgen-boehnke.de\/responsive\/wordpress\/wp-content\/uploads\/2017\/01\/bda12-1-1.jpg 354w, https:\/\/www.roentgen-boehnke.de\/responsive\/wordpress\/wp-content\/uploads\/2017\/01\/bda12-1-1-300x225.jpg 300w\" sizes=\"(max-width: 354px) 100vw, 354px\" title=\"RESTARBEITEN AM SIEMENS SIREGRAPH CF\" alt=\"\" loading=\"lazy\" \t\tclass=\"so-widget-image\"\/>\n\t<\/div>\n\n<h3 class=\"widget-title\">RESTARBEITEN AM SIEMENS SIREGRAPH CF<\/h3><\/div><\/div><\/div><\/div><div id=\"pg-35-4\"  class=\"panel-grid panel-no-style\" ><div id=\"pgc-35-4-0\"  class=\"panel-grid-cell\" ><div id=\"panel-35-4-0-0\" class=\"so-panel widget widget_sow-editor panel-first-child\" data-index=\"16\" ><div\n\t\t\t\n\t\t\tclass=\"so-widget-sow-editor so-widget-sow-editor-base\"\n\t\t\t\n\t\t>\n<div class=\"siteorigin-widget-tinymce textwidget\">\n\t<\/div>\n<\/div><\/div><div id=\"panel-35-4-0-1\" class=\"so-panel widget widget_sow-editor panel-last-child\" data-index=\"17\" ><div\n\t\t\t\n\t\t\tclass=\"so-widget-sow-editor so-widget-sow-editor-base\"\n\t\t\t\n\t\t>\n<div class=\"siteorigin-widget-tinymce textwidget\">\n\t<h3>alle Fotos: \u00a9 Heinz-J\u00fcrgen B\u00f6hnke, 1994-2025<\/h3>\n<\/div>\n<\/div><\/div><\/div><\/div><\/div>","protected":false},"excerpt":{"rendered":"<p>MONTAGE EINES BUCKY-ARBEITSPLATZES MONTAGE EINES DURCHLEUCHTUNGSGER\u00c4TES TEST DER GENERATORFUNKTION INBETRIEBNAHME EINER POLYDOROS 80S-ANLAGE PC-KONFIGURATION EINER R\u00d6NTGENANLAGE STRAHLERMONTAGE WARTUNGSARBEITEN AM MAMMOGRAPHIEGER\u00c4T ANSCHLUSS EINES POLYDORS LX 50 GENERATORS STRAHLERMONTAGE R\u00d6NTGENGENERATOR POLYDOROS 80 GER\u00c4TE-EINBRINGUNG IN DIE 4. ETAGE FUNKTIONSKONTROLLE EINER UROLOGISCHEN ANLAGE TRANSPORTVORBEREITUNG &hellip; <a href=\"https:\/\/www.roentgen-boehnke.de\/responsive\/wordpress\/bei-der-arbeit\/\">Weiterlesen <span class=\"meta-nav\">&rarr;<\/span><\/a><\/p>\n","protected":false},"author":1,"featured_media":0,"parent":0,"menu_order":0,"comment_status":"closed","ping_status":"closed","template":"","meta":[],"yoast_head":"<!-- This site is optimized with the Yoast SEO plugin v20.2.1 - https:\/\/yoast.com\/wordpress\/plugins\/seo\/ -->\n<title>Bei der Arbeit - Ingenieurb\u00fcro B\u00f6hnke GmbH R\u00f6ntgen-Service und bildgebende Systeme<\/title>\n<meta name=\"robots\" content=\"index, follow, max-snippet:-1, max-image-preview:large, max-video-preview:-1\" \/>\n<link rel=\"canonical\" href=\"https:\/\/www.roentgen-boehnke.de\/responsive\/wordpress\/bei-der-arbeit\/\" \/>\n<meta property=\"og:locale\" content=\"de_DE\" \/>\n<meta property=\"og:type\" content=\"article\" \/>\n<meta property=\"og:title\" content=\"Bei der Arbeit - Ingenieurb\u00fcro B\u00f6hnke GmbH R\u00f6ntgen-Service und bildgebende Systeme\" \/>\n<meta property=\"og:description\" content=\"MONTAGE EINES BUCKY-ARBEITSPLATZES MONTAGE EINES DURCHLEUCHTUNGSGER\u00c4TES TEST DER GENERATORFUNKTION INBETRIEBNAHME EINER POLYDOROS 80S-ANLAGE PC-KONFIGURATION EINER R\u00d6NTGENANLAGE STRAHLERMONTAGE WARTUNGSARBEITEN AM MAMMOGRAPHIEGER\u00c4T ANSCHLUSS EINES POLYDORS LX 50 GENERATORS STRAHLERMONTAGE R\u00d6NTGENGENERATOR POLYDOROS 80 GER\u00c4TE-EINBRINGUNG IN DIE 4. ETAGE FUNKTIONSKONTROLLE EINER UROLOGISCHEN ANLAGE TRANSPORTVORBEREITUNG &hellip; Weiterlesen &rarr;\" \/>\n<meta property=\"og:url\" content=\"https:\/\/www.roentgen-boehnke.de\/responsive\/wordpress\/bei-der-arbeit\/\" \/>\n<meta property=\"og:site_name\" content=\"Ingenieurb\u00fcro B\u00f6hnke GmbH R\u00f6ntgen-Service und bildgebende Systeme\" \/>\n<meta property=\"article:modified_time\" content=\"2025-11-11T23:12:23+00:00\" \/>\n<meta name=\"twitter:card\" content=\"summary_large_image\" \/>\n<meta name=\"twitter:label1\" content=\"Gesch\u00e4tzte Lesezeit\" \/>\n\t<meta name=\"twitter:data1\" content=\"1\u00a0Minute\" \/>\n<script type=\"application\/ld+json\" class=\"yoast-schema-graph\">{\"@context\":\"https:\/\/schema.org\",\"@graph\":[{\"@type\":\"WebPage\",\"@id\":\"https:\/\/www.roentgen-boehnke.de\/responsive\/wordpress\/bei-der-arbeit\/\",\"url\":\"https:\/\/www.roentgen-boehnke.de\/responsive\/wordpress\/bei-der-arbeit\/\",\"name\":\"Bei der Arbeit - Ingenieurb\u00fcro B\u00f6hnke GmbH R\u00f6ntgen-Service und bildgebende Systeme\",\"isPartOf\":{\"@id\":\"https:\/\/www.roentgen-boehnke.de\/responsive\/wordpress\/#website\"},\"datePublished\":\"2017-01-14T23:24:16+00:00\",\"dateModified\":\"2025-11-11T23:12:23+00:00\",\"breadcrumb\":{\"@id\":\"https:\/\/www.roentgen-boehnke.de\/responsive\/wordpress\/bei-der-arbeit\/#breadcrumb\"},\"inLanguage\":\"de\",\"potentialAction\":[{\"@type\":\"ReadAction\",\"target\":[\"https:\/\/www.roentgen-boehnke.de\/responsive\/wordpress\/bei-der-arbeit\/\"]}]},{\"@type\":\"BreadcrumbList\",\"@id\":\"https:\/\/www.roentgen-boehnke.de\/responsive\/wordpress\/bei-der-arbeit\/#breadcrumb\",\"itemListElement\":[{\"@type\":\"ListItem\",\"position\":1,\"name\":\"Startseite\",\"item\":\"https:\/\/www.roentgen-boehnke.de\/responsive\/wordpress\/\"},{\"@type\":\"ListItem\",\"position\":2,\"name\":\"Bei der Arbeit\"}]},{\"@type\":\"WebSite\",\"@id\":\"https:\/\/www.roentgen-boehnke.de\/responsive\/wordpress\/#website\",\"url\":\"https:\/\/www.roentgen-boehnke.de\/responsive\/wordpress\/\",\"name\":\"Ingenieurb\u00fcro B\u00f6hnke GmbH R\u00f6ntgen-Service und bildgebende Systeme\",\"description\":\"55120 Mainz - Hauptstra\u00dfe 17-19 - Tel: 06131-9459550 - Fax: 06131-9459551\",\"potentialAction\":[{\"@type\":\"SearchAction\",\"target\":{\"@type\":\"EntryPoint\",\"urlTemplate\":\"https:\/\/www.roentgen-boehnke.de\/responsive\/wordpress\/?s={search_term_string}\"},\"query-input\":\"required name=search_term_string\"}],\"inLanguage\":\"de\"}]}<\/script>\n<!-- \/ Yoast SEO plugin. -->","yoast_head_json":{"title":"Bei der Arbeit - Ingenieurb\u00fcro B\u00f6hnke GmbH R\u00f6ntgen-Service und bildgebende Systeme","robots":{"index":"index","follow":"follow","max-snippet":"max-snippet:-1","max-image-preview":"max-image-preview:large","max-video-preview":"max-video-preview:-1"},"canonical":"https:\/\/www.roentgen-boehnke.de\/responsive\/wordpress\/bei-der-arbeit\/","og_locale":"de_DE","og_type":"article","og_title":"Bei der Arbeit - Ingenieurb\u00fcro B\u00f6hnke GmbH R\u00f6ntgen-Service und bildgebende Systeme","og_description":"MONTAGE EINES BUCKY-ARBEITSPLATZES MONTAGE EINES DURCHLEUCHTUNGSGER\u00c4TES TEST DER GENERATORFUNKTION INBETRIEBNAHME EINER POLYDOROS 80S-ANLAGE PC-KONFIGURATION EINER R\u00d6NTGENANLAGE STRAHLERMONTAGE WARTUNGSARBEITEN AM MAMMOGRAPHIEGER\u00c4T ANSCHLUSS EINES POLYDORS LX 50 GENERATORS STRAHLERMONTAGE R\u00d6NTGENGENERATOR POLYDOROS 80 GER\u00c4TE-EINBRINGUNG IN DIE 4. ETAGE FUNKTIONSKONTROLLE EINER UROLOGISCHEN ANLAGE TRANSPORTVORBEREITUNG &hellip; Weiterlesen &rarr;","og_url":"https:\/\/www.roentgen-boehnke.de\/responsive\/wordpress\/bei-der-arbeit\/","og_site_name":"Ingenieurb\u00fcro B\u00f6hnke GmbH R\u00f6ntgen-Service und bildgebende Systeme","article_modified_time":"2025-11-11T23:12:23+00:00","twitter_card":"summary_large_image","twitter_misc":{"Gesch\u00e4tzte Lesezeit":"1\u00a0Minute"},"schema":{"@context":"https:\/\/schema.org","@graph":[{"@type":"WebPage","@id":"https:\/\/www.roentgen-boehnke.de\/responsive\/wordpress\/bei-der-arbeit\/","url":"https:\/\/www.roentgen-boehnke.de\/responsive\/wordpress\/bei-der-arbeit\/","name":"Bei der Arbeit - Ingenieurb\u00fcro B\u00f6hnke GmbH R\u00f6ntgen-Service und bildgebende Systeme","isPartOf":{"@id":"https:\/\/www.roentgen-boehnke.de\/responsive\/wordpress\/#website"},"datePublished":"2017-01-14T23:24:16+00:00","dateModified":"2025-11-11T23:12:23+00:00","breadcrumb":{"@id":"https:\/\/www.roentgen-boehnke.de\/responsive\/wordpress\/bei-der-arbeit\/#breadcrumb"},"inLanguage":"de","potentialAction":[{"@type":"ReadAction","target":["https:\/\/www.roentgen-boehnke.de\/responsive\/wordpress\/bei-der-arbeit\/"]}]},{"@type":"BreadcrumbList","@id":"https:\/\/www.roentgen-boehnke.de\/responsive\/wordpress\/bei-der-arbeit\/#breadcrumb","itemListElement":[{"@type":"ListItem","position":1,"name":"Startseite","item":"https:\/\/www.roentgen-boehnke.de\/responsive\/wordpress\/"},{"@type":"ListItem","position":2,"name":"Bei der Arbeit"}]},{"@type":"WebSite","@id":"https:\/\/www.roentgen-boehnke.de\/responsive\/wordpress\/#website","url":"https:\/\/www.roentgen-boehnke.de\/responsive\/wordpress\/","name":"Ingenieurb\u00fcro B\u00f6hnke GmbH R\u00f6ntgen-Service und bildgebende Systeme","description":"55120 Mainz - Hauptstra\u00dfe 17-19 - Tel: 06131-9459550 - Fax: 06131-9459551","potentialAction":[{"@type":"SearchAction","target":{"@type":"EntryPoint","urlTemplate":"https:\/\/www.roentgen-boehnke.de\/responsive\/wordpress\/?s={search_term_string}"},"query-input":"required name=search_term_string"}],"inLanguage":"de"}]}},"_links":{"self":[{"href":"https:\/\/www.roentgen-boehnke.de\/responsive\/wordpress\/wp-json\/wp\/v2\/pages\/35"}],"collection":[{"href":"https:\/\/www.roentgen-boehnke.de\/responsive\/wordpress\/wp-json\/wp\/v2\/pages"}],"about":[{"href":"https:\/\/www.roentgen-boehnke.de\/responsive\/wordpress\/wp-json\/wp\/v2\/types\/page"}],"author":[{"embeddable":true,"href":"https:\/\/www.roentgen-boehnke.de\/responsive\/wordpress\/wp-json\/wp\/v2\/users\/1"}],"replies":[{"embeddable":true,"href":"https:\/\/www.roentgen-boehnke.de\/responsive\/wordpress\/wp-json\/wp\/v2\/comments?post=35"}],"version-history":[{"count":298,"href":"https:\/\/www.roentgen-boehnke.de\/responsive\/wordpress\/wp-json\/wp\/v2\/pages\/35\/revisions"}],"predecessor-version":[{"id":3592,"href":"https:\/\/www.roentgen-boehnke.de\/responsive\/wordpress\/wp-json\/wp\/v2\/pages\/35\/revisions\/3592"}],"wp:attachment":[{"href":"https:\/\/www.roentgen-boehnke.de\/responsive\/wordpress\/wp-json\/wp\/v2\/media?parent=35"}],"curies":[{"name":"wp","href":"https:\/\/api.w.org\/{rel}","templated":true}]}}